y = -0*m - 34. Let d be z(m). Let p(g) = -1 - 5 + d*g + 3 + 1. Calculate p(4).
6
Suppose j + 11 = -5*r, -2*j + 4*j - 6*r = 26. Let h(l) be the first derivative of j + 3/2*l**2 - l. Determine h(-3).
-10
Suppose -51*r + 7 = -58*r. Let t(q) = -7*q**2 + q + 1. What is t(r)?
-7
Let s(n) = n**3 + 0*n + 0 + 4*n**2 - n - 3. Let a = -1121 - -1118. Determine s(a).
9
Let v(u) = u**2 + u - 100. Let p be v(-11). Let m(o) be the first derivative of -3 - p*o + 1/2*o**2. Give m(0).
-10
Suppose -49 = -l - 47. Let o(x) = 5*x + 0 + 2*x - 8*x + 2 + x**l. Give o(0).
2
Suppose 2 = 3*m + 8. Let x(r) = -12*r + 9. Let p(v) = 6*v - 5. Let g(a) = -7*p(a) - 4*x(a). Calculate g(m).
-13
Let v(n) = n**3 - 8*n**2 + 6*n - 4. Let r(o) = -3*o - 5. Let s be r(-4). Calculate v(s).
-11
Let h(z) = -2*z**2 - 5*z + 9. Let f(y) = -y**3 - 12*y**2 + 4*y + 160. Let a be f(-11). Determine h(a).
-16
Let u(m) = m**3 + m**2 + m. Let q(d) = d**3 + 8*d**2 + d + 7. Let a(l) = q(l) - 2*u(l). Let o be a(6). Let c(b) = b + 1. Determine c(o).
2
Let r be (16 - 17)/(2 + -1 - 0). Let q(v) be the second derivative of -v + 1/2*v**2 + 0 - v**3. Determine q(r).
7
Let n(d) be the first derivative of d**4/4 - 8*d**3/3 - 5*d**2 - 9*d + 129. What is n(9)?
-18
Let r(o) be the third derivative of o**4/24 - 11*o**3/3 + o**2 - 32. What is r(9)?
-13
Suppose 0 = -3*c - 97 + 115. Let i(d) = 20*d**2 - 6*d + 7. Suppose -6*a + 3*a = 21. Let q(r) = 21*r**2 - 7*r + 8. Let b(n) = a*i(n) + c*q(n). Determine b(-1).
-15
Suppose -u = -0*u + 2*j + 11, 3*j - 8 = 2*u. Let a(c) = -4*c**3 + 6*c**2 + 4*c - 15. Let t(s) = s**3 - 2*s + 1. Let v(p) = a(p) + 5*t(p). Determine v(u).
-17
Let u(z) = 10853*z - 10852*z + 20 - 3. What is u(13)?
30
Let l(v) be the second derivative of 3/2*v**2 + 0 - 1/20*v**5 - 1/3*v**3 + 1/12*v**4 + 27*v. Calculate l(3).
-21
Let o(l) = 5*l + 4. Let v be ((-9)/15)/(2/(-20)). Suppose -2*x - 5*a = -4, 2*a - v = -2. Calculate o(x).
-11
Suppose -46 = 6*f + 17*f. Let d(b) = b**2 + 3*b. What is d(f)?
-2
Let s(g) = -g**2 + g. Let w(q) = -4*q + 1. Let r(a) = -2*s(a) - w(a). Suppose b = 5*k + 24, -4*b + k - 16 = -9*b. Suppose 0 = -0*l - b*l + 4. Calculate r(l).
3
Let v = -1 + 3. Suppose 0 = 4*t + t + v*g, 4*g = -4*t. Let u(r) be the third derivative of -r**6/120 - r**4/24 + 2*r**3/3 - r**2 - 57*r. Calculate u(t).
4
Let b(q) = 13*q**3 + 37*q**2 - 23*q. Let t(g) = -3*g**3 - 9*g**2 + 6*g. Let y(s) = 2*b(s) + 9*t(s). Determine y(-8).
0
Let v(d) be the third derivative of 0 + 0*d - 8*d**2 + 1/2*d**3 - 1/12*d**4. Give v(5).
-7
Let d(b) = -b - 2. Let h be d(-5). Suppose -2*t = -h*x - t - 13, x = -5*t - 15. Let v(z) = 2*z + 3. What is v(x)?
-7
Suppose -3*l + 2*l = 4*a + 19, 4*a = l - 29. Let r(m) = -2*m**3 - 12*m**2 + 2. Give r(a).
2
Suppose -a - 2*a = 4*i - 23, -4*a - 2*i + 24 = 0. Suppose -2*y + 2*q - a*q = 14, -4*y - 18 = q. Let b(m) = -m**3 - 4*m**2 - m + 2. Give b(y).
6
Let g(o) = -7*o**3 + 9*o**2 + 6*o - 8. Let h(y) = 20*y**3 - 27*y**2 - 19*y + 24. Let l(c) = -17*g(c) - 6*h(c). Determine l(10).
12
Suppose -296 = 47*q - 108. Let x(r) = -4*r**2 - 7*r - 5. Calculate x(q).
-41
Let m(o) = 5 - 135*o**2 - 1 - 3 + 136*o**2 + o. Give m(0).
1
Let z(r) = -5*r - 4 - 8*r + 5*r + 7*r. Calculate z(4).
-8
Let w(y) = y**2 - 2*y - 6. Let j be (111/148)/(9/4 - 2). Calculate w(j).
-3
Let u = -38 + 41. Suppose u*y - 3 - 15 = 0. Let s(c) = -c**3 + 7*c**2 - 4*c - 6. Determine s(y).
6
Let k(q) be the first derivative of q**7/84 - q**6/360 + q**4/24 + q**3 - 24. Let f(s) be the third derivative of k(s). Determine f(-1).
-10
Suppose 40 = 4*o + 4*d, -381 = 4*o + 5*d - 430. Suppose -c + 14 = 4*b, c = -2*b - 0 + 8. Let u(r) = r + 17*r**3 + 0*r**2 - b*r**3 - r**2. What is u(o)?
14
Let t(f) = f - 1. Let o(s) be the first derivative of -s**4/4 - 2*s**3 - s**2 - 9*s + 11. Let r be o(-6). Give t(r).
2
Let f be 65/7 - (-8)/(-28). Let l(s) = -2*s**2 + 19*s - 10. Calculate l(f).
-1
Let f(a) = a**2 - 5*a + 5. Suppose 0 = 4*d + 4*i - 464, -4*d = -2*i - 63 - 413. Suppose 0 = 6*x - d + 22. Suppose x = 9*k - 5*k. Give f(k).
1
Let c(g) = -6 - g**2 + 0 + 7 - g. Let s = -9 - -11. Let f be ((-3)/s)/(2/4). What is c(f)?
-5
Let h(p) = -7*p - 155*p**2 + 156*p**2 + 1 + 1. Let l be h(7). Let d(u) = -2*u**3 - u**l - 33 + u**3 + 2*u**2 + 34. Determine d(1).
1
Let v = 93 - 87. Suppose -q = t + 3, 2*t + 2*q = t - v. Let z(y) = -y**3 + y**2 - y + 17. What is z(t)?
17
Suppose -37*w + 38*w - 2 = 0. Let g(l) = -6*l + 1. Give g(w).
-11
Let d = -87 - -84. Let q(s) = s**3 + 5*s**2 + 2*s - 4. Give q(d).
8
Let o(x) = x. Let r(c) = c**2 + 4*c - 8. Let u(w) = -w**3 + 8*w**2 - 7*w + 1. Let h be u(7). Let p(m) = h*r(m) + 4*o(m). Calculate p(-7).
-15
Let m be -1 + 3 - (-1 + 0). Let l(j) = 4 - 6 + 3*j - m - 1. Let q be (102/18 - 6)/((-2)/30). Calculate l(q).
9
Let p(s) be the third derivative of s**6/120 - 7*s**5/30 + s**4/2 + 7*s**3/6 + 18*s**2 - 4*s. What is p(13)?
-6
Let j(b) = 2*b + 8. Suppose 5*x - 4*l = 3*x, -x + 5 = 3*l. Suppose 23 = -0*v + 2*v + 3*t, -x*t = -3*v + 15. Determine j(v).
22
Let h(v) = 3288*v - 14 - 6580*v + 3289*v. Determine h(-6).
4
Let g(p) = 10*p**3 - p**2 + p. Suppose -19 - 5 = -n + 4*u, 0 = -4*n - 4*u - 4. Suppose -1 + 0 = -b, -n = -q - b. Suppose q*d = 8*d - 5. Give g(d).
10
Let l(c) = c + 2. Let d be l(-3). Let t be 9/(-15) + (-69)/(-15). Let h(p) = 3*p - 1 + 3 - t*p + p**2 - 2*p**3 - 3. What is h(d)?
3
Let k(s) = s**3 - 7*s**2 + 3*s - 9. Let a be 8/(-36) - 116/(-36). Let m be (28/(-12))/(a/(-18)*2). Give k(m).
12
Let u(v) = 5 - 24*v**3 - 25*v**3 + 7*v + 6*v**2 + 50*v**3. Calculate u(-5).
-5
Let m(n) = -2*n - 45. Let r(z) = 5*z + 92. Let j(v) = -9*m(v) - 4*r(v). Give j(22).
-7
Let b(w) = w**3 + 8*w**2 + 12*w + 2. Suppose 0*k + 7*k + 35 = 0. What is b(k)?
17
Suppose 90 = 2*u + 3*x, -2*u - 3*x = -4*x - 90. Suppose -5*l + u = -0*l. Let i be ((-15)/l + 2)*-15. Let z(j) = -j**3 - 4*j**2 + 2*j - 5. Determine z(i).
10
Suppose 9*j - 5 = 10*j. Let g(k) = -7*k - 24. Determine g(j).
11
Let v(a) = -6*a**3 + 2*a**2 - a. Let d(j) = j**3 + 3*j**2 - 2*j - 1. Let i be d(-3). Suppose i*y + 8 - 13 = 0. Calculate v(y).
-5
Suppose -n + 2*n + 7 = 5*x, 5*n + 4*x - 81 = 0. Let b(d) = -d + n - 4 - d. Give b(-8).
25
Suppose 20 = 5*w - 0*w. Suppose n - 21 = -2*s, -s - 2*n = -w*n - 3. Suppose -2*b + 10 = -o, -4*o + s*b - 34 = 4*b. Let a(t) = t**2 + 6*t + 8. What is a(o)?
8
Let a(w) = w**2 + 7*w + 5. Let o = -82 - -90. Let u(s) = 3 + s - 3*s + s. Let h be u(o). What is a(h)?
-5
Let s(g) = 2*g - 3 - 2*g + 2*g. Let f(z) = -3*z + 7. Let p(m) = -m**3 + 4*m**2 - 4*m. Let x be p(3). Let k(y) = x*f(y) - 5*s(y). What is k(-5)?
-1
Let k(u) = -81*u - 24*u**2 - 82*u + 166*u + 1. What is k(-1)?
-26
Let w(i) = -38*i - 260. Let h be w(-7). Let m(y) = -3*y - 2. Calculate m(h).
-20
Let m(a) = -2*a + 2. Suppose -24 = -9*c + 3. Let g be (c/(-2))/((-198)/24 - -9). Determine m(g).
6
Suppose s - 15 = -4*s. Let a(b) = -2*b - 1 + b + s. Let k be 126/(-26) + (-4)/26. Determine a(k).
7
Let f(g) = 2*g - 3. Suppose 0 = u + 4*j - 54, -j + 68 = 2*u - 40. Let d = u - 50. Determine f(d).
5
Let j(w) = w - 4. Suppose -23*b + 8 = -25*b. Determine j(b).
-8
Let q(u) = u**3 + u**2 + 4. Suppose -l = 5*v - 2, 2*l + 4*v = v - 3. Give q(l).
-14
Let t(n) be the third derivative of -n**5/60 + n**3/2 - 218*n**2. Give t(-3).
-6
Let z(m) = -2*m - 7. Let n(b) = -4*b - 14. Let w(v) = -3*n(v) + 5*z(v). Let t be -2*20/16*2. Give w(t).
-3
Suppose -5*h = -4*f - 0*h + 15, 0 = 5*f - 5*h - 20. Let p(l) = -l + 4. Calculate p(f).
-1
Let u(y) = 3*y - 4 - 20*y + 5 + 0*y. Determine u(1).
-16
Let j(h) = h**3 + 4*h**2 - 2*h + 2. Let f = 26 + -31. What is j(f)?
-13
Let a(z) be the second derivative of z**4/12 + z**3 + 3*z**2/2 + 12*z. Suppose 0 = h + 3 + 2. Let n be 32/h - 8/(-20). Give a(n).
3
Let a(h) be the first derivative of -5*h**2/2 - 13. Suppose 0 = 2*o + 18 - 4. Let r = 6 + o. Calculate a(r).
5
Let k(h) = -h**2 + 5*h + 5. Suppose 30*s = 9*s + 126. What is k(s)?
-1
Let d(j) = 5*j**3 + j**2 - 1. Let r be 24/(-36)*((-3)/2)/1. What is d(r)?
5
Let t(o) be the first derivative of -o**4/2 + 2*o**2 - o - 310. Determine t(3).
-43
Suppose 2*w + 4 = -2*o, 0*w - 2*w + o + 11 = 0. Let y(h) = -5 - 2 - h**2 - h**w + 3. Let m(d) = -d**3 - 11*d**2 + d + 11. Let x be m(-11). Calculate y(x).
-4
Let l(q) = -q**3 - 9*q**2 + 9*q - 12. Suppose 3*n + 6 = -24. G